{"id":93,"date":"2019-05-15T00:42:20","date_gmt":"2019-05-15T03:42:20","guid":{"rendered":"https:\/\/site.projetoaiti.medicina.ufmg.br\/?page_id=93"},"modified":"2020-04-07T19:22:05","modified_gmt":"2020-04-07T22:22:05","slug":"downloads","status":"publish","type":"page","link":"https:\/\/projetoaiti.medicina.ufmg.br\/index.php\/acompanhantes\/downloads\/","title":{"rendered":"Downloads"},"content":{"rendered":"\n<h2 style=\"text-align:center\">Realize o download dos materiais educativos<br><\/h2>\n\n\n\n<p><strong>\u00c9 permitido o uso dos materiais mantendo os cr\u00e9ditos do projeto e dos criadores do conte\u00fado<\/strong><\/p>\n\n\n\n<hr class=\"wp-block-separator\"\/>\n\n\n\n<div class=\"wp-block-columns has-2-columns\">\n<div class=\"wp-block-column\">\n<div class=\"wp-block-file\"><a href=\"https:\/\/projetoaiti.medicina.ufmg.br\/wp-content\/uploads\/2020\/04\/FOLHETO-OFICIAL-CTI-orienta\u00e7\u00e3o-aos-visitantes.pdf\" target=\"_blank\" rel=\"noreferrer noopener\"> 1- Orienta\u00e7\u00f5es aos acompanhantes no CTI <\/a><a href=\"https:\/\/projetoaiti.medicina.ufmg.br\/wp-content\/uploads\/2020\/04\/FOLHETO-OFICIAL-CTI-orienta\u00e7\u00e3o-aos-visitantes.pdf\" class=\"wp-block-file__button\" download>Baixar<\/a><\/div>\n\n\n\n<div class=\"wp-block-file\"><a href=\"https:\/\/projetoaiti.medicina.ufmg.br\/wp-content\/uploads\/2020\/04\/Cartaz-traqueostomia-imprimir.pdf\" target=\"_blank\" rel=\"noreferrer noopener\">3- Sobre a traqueostomia<br><\/a><a href=\"https:\/\/projetoaiti.medicina.ufmg.br\/wp-content\/uploads\/2020\/04\/Cartaz-traqueostomia-imprimir.pdf\" class=\"wp-block-file__button\" download>Baixar<\/a><\/div>\n\n\n\n<div class=\"wp-block-file\"><a href=\"https:\/\/projetoaiti.medicina.ufmg.br\/wp-content\/uploads\/2019\/06\/Reuni\u00e3o-de-acolhimento-aos-visitantes-do-CTI-AITI.pdf\" target=\"_blank\" rel=\"noreferrer noopener\">5- Reuni\u00e3o de acolhimento aos acompanhantes do CTI<br><\/a><a href=\"https:\/\/projetoaiti.medicina.ufmg.br\/wp-content\/uploads\/2019\/06\/Reuni\u00e3o-de-acolhimento-aos-visitantes-do-CTI-AITI.pdf\" class=\"wp-block-file__button\" download>Baixar<\/a><\/div>\n\n\n\n<div class=\"wp-block-file\"><a href=\"https:\/\/projetoaiti.medicina.ufmg.br\/wp-content\/uploads\/2020\/04\/BANNER-AITI-1.pdf\" target=\"_blank\" rel=\"noreferrer noopener\"> 7- Banner orienta\u00e7\u00f5es aos visitantes 2<\/a><a href=\"https:\/\/projetoaiti.medicina.ufmg.br\/wp-content\/uploads\/2020\/04\/BANNER-AITI-1.pdf\" class=\"wp-block-file__button\" download>Baixar<\/a><\/div>\n<\/div>\n\n\n\n<div class=\"wp-block-column\">\n<div class=\"wp-block-file\"><a href=\"https:\/\/projetoaiti.medicina.ufmg.br\/wp-content\/uploads\/2020\/04\/FOLHETO-OFICIAL-ENFERMARIA.pdf\" target=\"_blank\" rel=\"noreferrer noopener\"> 2- Funcionamento da Enfermaria <\/a><a href=\"https:\/\/projetoaiti.medicina.ufmg.br\/wp-content\/uploads\/2020\/04\/FOLHETO-OFICIAL-ENFERMARIA.pdf\" class=\"wp-block-file__button\" download>Baixar<\/a><\/div>\n\n\n\n<div class=\"wp-block-file\"><a href=\"https:\/\/projetoaiti.medicina.ufmg.br\/wp-content\/uploads\/2020\/04\/FOLHETO-OFICIAL-SEPSE-Orienta\u00e7\u00e3o-p\u00f3s-alta-pacientes-que-tiveram-sepse.pdf\" target=\"_blank\" rel=\"noreferrer noopener\">4- P\u00f3s alta de pacientes que tiveram sepse<\/a><a href=\"https:\/\/projetoaiti.medicina.ufmg.br\/wp-content\/uploads\/2020\/04\/FOLHETO-OFICIAL-SEPSE-Orienta\u00e7\u00e3o-p\u00f3s-alta-pacientes-que-tiveram-sepse.pdf\" class=\"wp-block-file__button\" download>Baixar<\/a><\/div>\n\n\n\n<div class=\"wp-block-file\"><a href=\"https:\/\/projetoaiti.medicina.ufmg.br\/wp-content\/uploads\/2020\/04\/BANNER-AITI-2.pdf\" target=\"_blank\" rel=\"noreferrer noopener\">6- Banner orienta\u00e7\u00f5es aos visitantes 01<\/a><a href=\"https:\/\/projetoaiti.medicina.ufmg.br\/wp-content\/uploads\/2020\/04\/BANNER-AITI-2.pdf\" class=\"wp-block-file__button\" download>Baixar<\/a><\/div>\n\n\n\n<p><\/p>\n<\/div>\n<\/div>\n\n\n\n<hr class=\"wp-block-separator\"\/>\n\n\n\n<h2>Materiais<\/h2>\n\n\n\n<p><strong>1-  Aos acompanhantes no CTI  <\/strong><\/p>\n\n\n\n<p>Material breve com explica\u00e7\u00f5es aos acompanhantes dos pacientes internados no CTI, para melhor entendimento, participa\u00e7\u00e3o e protagonismo no cuidado ao seu familiar e\/ou amigo.<\/p>\n\n\n\n<p><strong>2- Funcionamento da Enfermaria <\/strong><\/p>\n\n\n\n<p>Na Enfermaria \u00e9 onde acontece a transi\u00e7\u00e3o de cuidados de alta depend\u00eancia para baixa depend\u00eancia. Isso significa que a sa\u00fade do paciente est\u00e1 mais est\u00e1vel.  Esse material auxilia no entendimento das principais diferen\u00e7as entre o CTI e enfermaria e dicas de como realizar uma boa estadia.<\/p>\n\n\n\n<p><strong> 3- Sobre a Traqueostomia <\/strong><\/p>\n\n\n\n<p>Alguns pacientes que internam no hospital necessitam por diversas indica\u00e7\u00f5es da realiza\u00e7\u00e3o de uma traqueostomia, nesse material tentamos elucidar as principais d\u00favidas dos pacientes e familiares.<\/p>\n\n\n\n<p><strong> 4- P\u00f3s alta dos pacientes que tiveram sepse <\/strong><\/p>\n\n\n\n<p>Os pacientes que tiveram sepse durante a interna\u00e7\u00e3o demanda um cuidado de perto e a longo prazo, com envolvimento grande da fam\u00edlia e paciente no tratamento \u00e9 poss\u00edvel diminuir as chances de reinterna\u00e7\u00e3o e de problemas de sa\u00fade. Aqui tentamos deixar alguns orienta\u00e7\u00f5es e informa\u00e7\u00f5es importantes para os familiares pacientes.<\/p>\n\n\n\n<p> <strong>5- Reuni\u00e3o de acolhimento aos acompanhantes do CTI <\/strong><\/p>\n\n\n\n<p>\u00c9 poss\u00edvel marcar na secretaria do CTI uma reuni\u00e3o de acolhimento com a equipe do projeto AITI para que receber orienta\u00e7\u00f5es sobre o funcionamento da unidade e tirar duvidas com algu\u00e9m da equipe<\/p>\n\n\n\n<p><strong> 6- Banner orienta\u00e7\u00f5es aos visitantes 01 <\/strong><\/p>\n\n\n\n<p>Banner simples com exemplos atrav\u00e9s de texto do que deve ou que n\u00e3o deve ser feito pelos visitantes dentro do ambiente do CTI<\/p>\n\n\n\n<p>  <strong>7- Banner orienta\u00e7\u00f5es aos visitantes 2 <\/strong><\/p>\n\n\n\n<p>Banner simples com exemplo atrav\u00e9s de imagens do que n\u00e3o deve ser feito pelos visitantes dentro do ambiente do CTI<\/p>\n","protected":false},"excerpt":{"rendered":"<p>Realize o download dos materiais educativos \u00c9 permitido o uso dos materiais mantendo os cr\u00e9ditos do projeto e dos criadores do conte\u00fado Materiais 1- Aos acompanhantes no CTI Material breve com explica\u00e7\u00f5es aos acompanhantes dos pacientes internados no CTI, para melhor entendimento, participa\u00e7\u00e3o e protagonismo no cuidado ao seu familiar e\/ou amigo. 2- Funcionamento da &hellip; <\/p>\n<p class=\"link-more\"><a href=\"https:\/\/projetoaiti.medicina.ufmg.br\/index.php\/acompanhantes\/downloads\/\" class=\"more-link\">Continue lendo<span class=\"screen-reader-text\"> &#8220;Downloads&#8221;<\/span><\/a><\/p>\n","protected":false},"author":2,"featured_media":0,"parent":90,"menu_order":0,"comment_status":"closed","ping_status":"closed","template":"","meta":[],"_links":{"self":[{"href":"https:\/\/projetoaiti.medicina.ufmg.br\/index.php\/wp-json\/wp\/v2\/pages\/93"}],"collection":[{"href":"https:\/\/projetoaiti.medicina.ufmg.br\/index.php\/wp-json\/wp\/v2\/pages"}],"about":[{"href":"https:\/\/projetoaiti.medicina.ufmg.br\/index.php\/wp-json\/wp\/v2\/types\/page"}],"author":[{"embeddable":true,"href":"https:\/\/projetoaiti.medicina.ufmg.br\/index.php\/wp-json\/wp\/v2\/users\/2"}],"replies":[{"embeddable":true,"href":"https:\/\/projetoaiti.medicina.ufmg.br\/index.php\/wp-json\/wp\/v2\/comments?post=93"}],"version-history":[{"count":45,"href":"https:\/\/projetoaiti.medicina.ufmg.br\/index.php\/wp-json\/wp\/v2\/pages\/93\/revisions"}],"predecessor-version":[{"id":772,"href":"https:\/\/projetoaiti.medicina.ufmg.br\/index.php\/wp-json\/wp\/v2\/pages\/93\/revisions\/772"}],"up":[{"embeddable":true,"href":"https:\/\/projetoaiti.medicina.ufmg.br\/index.php\/wp-json\/wp\/v2\/pages\/90"}],"wp:attachment":[{"href":"https:\/\/projetoaiti.medicina.ufmg.br\/index.php\/wp-json\/wp\/v2\/media?parent=93"}],"curies":[{"name":"wp","href":"https:\/\/api.w.org\/{rel}","templated":true}]}}