{"id":887,"date":"2020-10-24T20:15:00","date_gmt":"2020-10-24T23:15:00","guid":{"rendered":"https:\/\/projetoaiti.medicina.ufmg.br\/?page_id=887"},"modified":"2020-10-24T20:26:02","modified_gmt":"2020-10-24T23:26:02","slug":"podcast-pos-sepse","status":"publish","type":"page","link":"https:\/\/projetoaiti.medicina.ufmg.br\/index.php\/podcast\/podcast-pos-sepse\/","title":{"rendered":"PODCAST: P\u00f3s-Sepse: Particularidades e Aten\u00e7\u00e3o ao Paciente."},"content":{"rendered":"\n<figure class=\"wp-block-image size-large is-resized\"><img loading=\"lazy\" src=\"https:\/\/projetoaiti.medicina.ufmg.br\/wp-content\/uploads\/2020\/10\/Captura-de-Tela-2020-10-19-as-16.38.06.png\" alt=\"\" class=\"wp-image-888\" width=\"383\" height=\"359\" srcset=\"https:\/\/projetoaiti.medicina.ufmg.br\/wp-content\/uploads\/2020\/10\/Captura-de-Tela-2020-10-19-as-16.38.06.png 596w, https:\/\/projetoaiti.medicina.ufmg.br\/wp-content\/uploads\/2020\/10\/Captura-de-Tela-2020-10-19-as-16.38.06-300x281.png 300w\" sizes=\"(max-width: 383px) 100vw, 383px\" \/><\/figure>\n\n\n\n<p>A sepse \u00e9 uma condi\u00e7\u00e3o grave, envolve risco de vida e constitui uma das principais causas de morte em hospitais no Brasil. Tendo isto em vista , \u00e9 de suma import\u00e2ncia conhecer as orienta\u00e7\u00f5es a serem adotadas p\u00f3s sepse que, quando aplicadas, permitem melhores desfechos aos sobreviventes, evitando reinterna\u00e7\u00e3o hospitalar e melhorando a qualidade de vida do paciente.<\/p>\n\n\n\n<p>Para analisarmos melhor as caracter\u00edsticas e implica\u00e7\u00f5es do p\u00f3s sepse, conversamos com Arnaldo Santos Leite, professor do Departamento de Cl\u00ednica M\u00e9dica da Faculdade de Medicina da UFMG e membro do projeto de Aten\u00e7\u00e3o Integral ap\u00f3s a Terapia Intensiva (AITI). Falamos, entre outros t\u00f3picos, sobre a necessidade de aten\u00e7\u00e3o especial ao paciente que apresentou sepse, a import\u00e2ncia de atua\u00e7\u00e3o da equipe multiprofissional e de sinais de alerta que est\u00e3o associados ao desenvolvimento de complica\u00e7\u00f5es.<\/p>\n\n\n\n<p><br><\/p>\n\n\n\n<p>Para se informar, basta acessar um dos links abaixo:&nbsp;<\/p>\n\n\n\n<p class=\"has-vivid-green-cyan-color has-text-color\">-Spotify:<br>https:\/\/open.spotify.com\/episode\/4xctftyKPkxgHH14aKTKSw<\/p>\n\n\n\n<p class=\"has-vivid-cyan-blue-color has-text-color\">&#8211; Ancor:<br>https:\/\/anchor.fm\/avascast\/episodes\/22&#8212;Ps-Sepse-Particularidades-e-Ateno-ao-Paciente-ekbloj<br><\/p>\n","protected":false},"excerpt":{"rendered":"<p>A sepse \u00e9 uma condi\u00e7\u00e3o grave, envolve risco de vida e constitui uma das principais causas de morte em hospitais no Brasil. Tendo isto em vista , \u00e9 de suma import\u00e2ncia conhecer as orienta\u00e7\u00f5es a serem adotadas p\u00f3s sepse que, quando aplicadas, permitem melhores desfechos aos sobreviventes, evitando reinterna\u00e7\u00e3o hospitalar e melhorando a qualidade de &hellip; <\/p>\n<p class=\"link-more\"><a href=\"https:\/\/projetoaiti.medicina.ufmg.br\/index.php\/podcast\/podcast-pos-sepse\/\" class=\"more-link\">Continue lendo<span class=\"screen-reader-text\"> &#8220;PODCAST: P\u00f3s-Sepse: Particularidades e Aten\u00e7\u00e3o ao Paciente.&#8221;<\/span><\/a><\/p>\n","protected":false},"author":5,"featured_media":0,"parent":836,"menu_order":3,"comment_status":"closed","ping_status":"closed","template":"","meta":[],"_links":{"self":[{"href":"https:\/\/projetoaiti.medicina.ufmg.br\/index.php\/wp-json\/wp\/v2\/pages\/887"}],"collection":[{"href":"https:\/\/projetoaiti.medicina.ufmg.br\/index.php\/wp-json\/wp\/v2\/pages"}],"about":[{"href":"https:\/\/projetoaiti.medicina.ufmg.br\/index.php\/wp-json\/wp\/v2\/types\/page"}],"author":[{"embeddable":true,"href":"https:\/\/projetoaiti.medicina.ufmg.br\/index.php\/wp-json\/wp\/v2\/users\/5"}],"replies":[{"embeddable":true,"href":"https:\/\/projetoaiti.medicina.ufmg.br\/index.php\/wp-json\/wp\/v2\/comments?post=887"}],"version-history":[{"count":3,"href":"https:\/\/projetoaiti.medicina.ufmg.br\/index.php\/wp-json\/wp\/v2\/pages\/887\/revisions"}],"predecessor-version":[{"id":891,"href":"https:\/\/projetoaiti.medicina.ufmg.br\/index.php\/wp-json\/wp\/v2\/pages\/887\/revisions\/891"}],"up":[{"embeddable":true,"href":"https:\/\/projetoaiti.medicina.ufmg.br\/index.php\/wp-json\/wp\/v2\/pages\/836"}],"wp:attachment":[{"href":"https:\/\/projetoaiti.medicina.ufmg.br\/index.php\/wp-json\/wp\/v2\/media?parent=887"}],"curies":[{"name":"wp","href":"https:\/\/api.w.org\/{rel}","templated":true}]}}