{"id":673,"date":"2020-04-05T17:17:23","date_gmt":"2020-04-05T20:17:23","guid":{"rendered":"https:\/\/projetoaiti.medicina.ufmg.br\/?page_id=673"},"modified":"2020-04-05T17:17:24","modified_gmt":"2020-04-05T20:17:24","slug":"duvidas-sobre-o-coronavirus","status":"publish","type":"page","link":"https:\/\/projetoaiti.medicina.ufmg.br\/index.php\/duvidas-sobre-o-coronavirus\/","title":{"rendered":"Duvidas sobre o coronav\u00edrus"},"content":{"rendered":"\n<h2 style=\"text-align:center\">Tem duvidas sobre o novo coronav\u00edrus (COVID-19)?<\/h2>\n\n\n\n<p>\n\nP\u00e1gina da Faculdade de Medicina da UFMG re\u00fane informa\u00e7\u00f5es sobre sintomas da covid-19, cuidados de preven\u00e7\u00e3o, desmitifica fake news, apresenta dados epidemiol\u00f3gicos da doen\u00e7a, a\u00e7\u00f5es da Institui\u00e7\u00e3o para atendimento da popula\u00e7\u00e3o e dos profissionais de sa\u00fade, al\u00e9m de oferecer spots, not\u00edcias, artigos e webaulas. Esse \u00e9 um site com conte\u00fado diverso e amparado cientificamente para servir como refer\u00eancia a todas as pessoas, incluindo a comunidade acad\u00eamica.\n\n<\/p>\n\n\n\n<div class=\"wp-block-image\"><figure class=\"aligncenter\"><a href=\"https:\/\/www.medicina.ufmg.br\/coronavirus\/\" target=\"_blank\" rel=\"noreferrer noopener\"><img loading=\"lazy\" width=\"1024\" height=\"497\" src=\"https:\/\/projetoaiti.medicina.ufmg.br\/wp-content\/uploads\/2020\/04\/Corona-1-1024x497.png\" alt=\"\" class=\"wp-image-674\" srcset=\"https:\/\/projetoaiti.medicina.ufmg.br\/wp-content\/uploads\/2020\/04\/Corona-1-1024x497.png 1024w, https:\/\/projetoaiti.medicina.ufmg.br\/wp-content\/uploads\/2020\/04\/Corona-1-300x146.png 300w, https:\/\/projetoaiti.medicina.ufmg.br\/wp-content\/uploads\/2020\/04\/Corona-1-768x373.png 768w, https:\/\/projetoaiti.medicina.ufmg.br\/wp-content\/uploads\/2020\/04\/Corona-1.png 1907w\" sizes=\"(max-width: 767px) 89vw, (max-width: 1000px) 54vw, (max-width: 1071px) 543px, 580px\" \/><\/a><figcaption><strong>Acesse clicando na imagem acima<\/strong><\/figcaption><\/figure><\/div>\n\n\n\n<p style=\"font-size:11px\"><strong>Fonte:&nbsp;<\/strong><a href=\"https:\/\/www.medicina.ufmg.br\/faculdade-de-medicina-cria-site-especial-com-informacoes-sobre-o-novo-coronavirus\/\"><strong>https:\/\/www.medicina.ufmg.br\/faculdade-de-medicina-cria-site-especial-com-informacoes-sobre-o-novo-coronavirus\/<\/strong><\/a><\/p>\n","protected":false},"excerpt":{"rendered":"<p>Tem duvidas sobre o novo coronav\u00edrus (COVID-19)? P\u00e1gina da Faculdade de Medicina da UFMG re\u00fane informa\u00e7\u00f5es sobre sintomas da covid-19, cuidados de preven\u00e7\u00e3o, desmitifica fake news, apresenta dados epidemiol\u00f3gicos da doen\u00e7a, a\u00e7\u00f5es da Institui\u00e7\u00e3o para atendimento da popula\u00e7\u00e3o e dos profissionais de sa\u00fade, al\u00e9m de oferecer spots, not\u00edcias, artigos e webaulas. Esse \u00e9 um site &hellip; <\/p>\n<p class=\"link-more\"><a href=\"https:\/\/projetoaiti.medicina.ufmg.br\/index.php\/duvidas-sobre-o-coronavirus\/\" class=\"more-link\">Continue lendo<span class=\"screen-reader-text\"> &#8220;Duvidas sobre o coronav\u00edrus&#8221;<\/span><\/a><\/p>\n","protected":false},"author":2,"featured_media":0,"parent":0,"menu_order":0,"comment_status":"closed","ping_status":"closed","template":"","meta":[],"_links":{"self":[{"href":"https:\/\/projetoaiti.medicina.ufmg.br\/index.php\/wp-json\/wp\/v2\/pages\/673"}],"collection":[{"href":"https:\/\/projetoaiti.medicina.ufmg.br\/index.php\/wp-json\/wp\/v2\/pages"}],"about":[{"href":"https:\/\/projetoaiti.medicina.ufmg.br\/index.php\/wp-json\/wp\/v2\/types\/page"}],"author":[{"embeddable":true,"href":"https:\/\/projetoaiti.medicina.ufmg.br\/index.php\/wp-json\/wp\/v2\/users\/2"}],"replies":[{"embeddable":true,"href":"https:\/\/projetoaiti.medicina.ufmg.br\/index.php\/wp-json\/wp\/v2\/comments?post=673"}],"version-history":[{"count":1,"href":"https:\/\/projetoaiti.medicina.ufmg.br\/index.php\/wp-json\/wp\/v2\/pages\/673\/revisions"}],"predecessor-version":[{"id":675,"href":"https:\/\/projetoaiti.medicina.ufmg.br\/index.php\/wp-json\/wp\/v2\/pages\/673\/revisions\/675"}],"wp:attachment":[{"href":"https:\/\/projetoaiti.medicina.ufmg.br\/index.php\/wp-json\/wp\/v2\/media?parent=673"}],"curies":[{"name":"wp","href":"https:\/\/api.w.org\/{rel}","templated":true}]}}