{"id":572,"date":"2020-03-30T15:41:42","date_gmt":"2020-03-30T18:41:42","guid":{"rendered":"https:\/\/projetoaiti.medicina.ufmg.br\/?page_id=572"},"modified":"2020-04-05T17:51:06","modified_gmt":"2020-04-05T20:51:06","slug":"saude-mental","status":"publish","type":"page","link":"https:\/\/projetoaiti.medicina.ufmg.br\/index.php\/coronavirus-covid-19\/saude-mental\/","title":{"rendered":"Sa\u00fade Mental"},"content":{"rendered":"\n<h2 style=\"text-align:center\">Sa\u00fade Mental em tempos de coronav\u00edrus<\/h2>\n\n\n\n<p>Pensando na crescente press\u00e3o social e no risco aumentado dos profissionais da sa\u00fade, o grupo da Psicologia, orientado pela Prof\u00aa Tereza Peixoto e pela Prof\u00aa Carolina Marinho, elaborou, nesse primeiro momento, cartilhas de cuidados \u00e0 sa\u00fade mental para profissionais da sa\u00fade.<\/p>\n\n\n\n<p>A cartilha visa apresentar informa\u00e7\u00f5es e orienta\u00e7\u00f5es aos profissionais para auxili\u00e1-los a lidar com medo, ansiedade e ang\u00fastia provindas desse novo contexto de trabalho. Conta tamb\u00e9m com indica\u00e7\u00f5es de leitura sobre sa\u00fade mental, em caso de necessidades mais espec\u00edficas.<\/p>\n\n\n\n<div class=\"wp-block-file\"><a href=\"https:\/\/projetoaiti.medicina.ufmg.br\/wp-content\/uploads\/2020\/03\/Cartilha-Cuidados-\u00e0-Saude-Mental-no-Contexto-Hospitalar-Hiperlinks.pdf\">Baixar a cartilha: Cuidados \u00e0 Sa\u00fade Mental no Contexto-Hospitalar<\/a><\/div>\n\n\n\n<div class=\"wp-block-image\"><figure class=\"aligncenter is-resized\"><img loading=\"lazy\" src=\"https:\/\/projetoaiti.medicina.ufmg.br\/wp-content\/uploads\/2020\/03\/Cartilha-Sa\u00fade-Mental-Para-Profissionais-I-1024x717.png\" alt=\"\" class=\"wp-image-642\" width=\"1024\" height=\"717\" srcset=\"https:\/\/projetoaiti.medicina.ufmg.br\/wp-content\/uploads\/2020\/03\/Cartilha-Sa\u00fade-Mental-Para-Profissionais-I-1024x717.png 1024w, https:\/\/projetoaiti.medicina.ufmg.br\/wp-content\/uploads\/2020\/03\/Cartilha-Sa\u00fade-Mental-Para-Profissionais-I-300x210.png 300w, https:\/\/projetoaiti.medicina.ufmg.br\/wp-content\/uploads\/2020\/03\/Cartilha-Sa\u00fade-Mental-Para-Profissionais-I-768x538.png 768w, https:\/\/projetoaiti.medicina.ufmg.br\/wp-content\/uploads\/2020\/03\/Cartilha-Sa\u00fade-Mental-Para-Profissionais-I.png 1132w\" sizes=\"(max-width: 767px) 89vw, (max-width: 1000px) 54vw, (max-width: 1071px) 543px, 580px\" \/><\/figure><\/div>\n\n\n\n<div class=\"wp-block-image\"><figure class=\"aligncenter is-resized\"><img loading=\"lazy\" src=\"https:\/\/projetoaiti.medicina.ufmg.br\/wp-content\/uploads\/2020\/03\/Cartilha-Sa\u00fade-Mental-Para-Profissionais-I-1-1024x717.png\" alt=\"\" class=\"wp-image-646\" width=\"1024\" height=\"717\" srcset=\"https:\/\/projetoaiti.medicina.ufmg.br\/wp-content\/uploads\/2020\/03\/Cartilha-Sa\u00fade-Mental-Para-Profissionais-I-1-1024x717.png 1024w, https:\/\/projetoaiti.medicina.ufmg.br\/wp-content\/uploads\/2020\/03\/Cartilha-Sa\u00fade-Mental-Para-Profissionais-I-1-300x210.png 300w, https:\/\/projetoaiti.medicina.ufmg.br\/wp-content\/uploads\/2020\/03\/Cartilha-Sa\u00fade-Mental-Para-Profissionais-I-1-768x538.png 768w, https:\/\/projetoaiti.medicina.ufmg.br\/wp-content\/uploads\/2020\/03\/Cartilha-Sa\u00fade-Mental-Para-Profissionais-I-1.png 1132w\" sizes=\"(max-width: 767px) 89vw, (max-width: 1000px) 54vw, (max-width: 1071px) 543px, 580px\" \/><\/figure><\/div>\n\n\n\n<div class=\"wp-block-image\"><figure class=\"aligncenter is-resized\"><img loading=\"lazy\" src=\"https:\/\/projetoaiti.medicina.ufmg.br\/wp-content\/uploads\/2020\/03\/Cartilha-Sa\u00fade-Mental-Para-Profissionais-I-2-1024x717.png\" alt=\"\" class=\"wp-image-647\" width=\"1024\" height=\"717\" srcset=\"https:\/\/projetoaiti.medicina.ufmg.br\/wp-content\/uploads\/2020\/03\/Cartilha-Sa\u00fade-Mental-Para-Profissionais-I-2-1024x717.png 1024w, https:\/\/projetoaiti.medicina.ufmg.br\/wp-content\/uploads\/2020\/03\/Cartilha-Sa\u00fade-Mental-Para-Profissionais-I-2-300x210.png 300w, https:\/\/projetoaiti.medicina.ufmg.br\/wp-content\/uploads\/2020\/03\/Cartilha-Sa\u00fade-Mental-Para-Profissionais-I-2-768x538.png 768w, https:\/\/projetoaiti.medicina.ufmg.br\/wp-content\/uploads\/2020\/03\/Cartilha-Sa\u00fade-Mental-Para-Profissionais-I-2.png 1132w\" sizes=\"(max-width: 767px) 89vw, (max-width: 1000px) 54vw, (max-width: 1071px) 543px, 580px\" \/><\/figure><\/div>\n\n\n\n<div class=\"wp-block-image\"><figure class=\"aligncenter is-resized\"><img loading=\"lazy\" src=\"https:\/\/projetoaiti.medicina.ufmg.br\/wp-content\/uploads\/2020\/03\/Cartilha-Sa\u00fade-Mental-Para-Profissionais-I-3-1024x717.png\" alt=\"\" class=\"wp-image-648\" width=\"1024\" height=\"717\" srcset=\"https:\/\/projetoaiti.medicina.ufmg.br\/wp-content\/uploads\/2020\/03\/Cartilha-Sa\u00fade-Mental-Para-Profissionais-I-3-1024x717.png 1024w, https:\/\/projetoaiti.medicina.ufmg.br\/wp-content\/uploads\/2020\/03\/Cartilha-Sa\u00fade-Mental-Para-Profissionais-I-3-300x210.png 300w, https:\/\/projetoaiti.medicina.ufmg.br\/wp-content\/uploads\/2020\/03\/Cartilha-Sa\u00fade-Mental-Para-Profissionais-I-3-768x538.png 768w, https:\/\/projetoaiti.medicina.ufmg.br\/wp-content\/uploads\/2020\/03\/Cartilha-Sa\u00fade-Mental-Para-Profissionais-I-3.png 1132w\" sizes=\"(max-width: 767px) 89vw, (max-width: 1000px) 54vw, (max-width: 1071px) 543px, 580px\" \/><\/figure><\/div>\n\n\n\n<div class=\"wp-block-file\"><a href=\"https:\/\/projetoaiti.medicina.ufmg.br\/wp-content\/uploads\/2020\/04\/Cuidados-\u00e0-Sa\u00fade-Mental-No-Ambiente-Residencial.pdf\">Baixar a cartilha: Cuidados \u00e0 Sa\u00fade Mental No Ambiente Residencial<\/a><\/div>\n\n\n\n<div class=\"wp-block-image\"><figure class=\"aligncenter is-resized\"><img loading=\"lazy\" src=\"https:\/\/projetoaiti.medicina.ufmg.br\/wp-content\/uploads\/2020\/04\/Cuidados-\u00e0-Sa\u00fade-Mental-No-Ambiente-Residencial-1024x717.png\" alt=\"\" class=\"wp-image-657\" width=\"1024\" height=\"717\" srcset=\"https:\/\/projetoaiti.medicina.ufmg.br\/wp-content\/uploads\/2020\/04\/Cuidados-\u00e0-Sa\u00fade-Mental-No-Ambiente-Residencial-1024x717.png 1024w, https:\/\/projetoaiti.medicina.ufmg.br\/wp-content\/uploads\/2020\/04\/Cuidados-\u00e0-Sa\u00fade-Mental-No-Ambiente-Residencial-300x210.png 300w, https:\/\/projetoaiti.medicina.ufmg.br\/wp-content\/uploads\/2020\/04\/Cuidados-\u00e0-Sa\u00fade-Mental-No-Ambiente-Residencial-768x538.png 768w, https:\/\/projetoaiti.medicina.ufmg.br\/wp-content\/uploads\/2020\/04\/Cuidados-\u00e0-Sa\u00fade-Mental-No-Ambiente-Residencial.png 1132w\" sizes=\"(max-width: 767px) 89vw, (max-width: 1000px) 54vw, (max-width: 1071px) 543px, 580px\" \/><\/figure><\/div>\n\n\n\n<div class=\"wp-block-image\"><figure class=\"aligncenter is-resized\"><img loading=\"lazy\" src=\"https:\/\/projetoaiti.medicina.ufmg.br\/wp-content\/uploads\/2020\/04\/Cuidados-\u00e0-Sa\u00fade-Mental-No-Ambiente-Residencial-1-1024x717.png\" alt=\"\" class=\"wp-image-658\" width=\"1024\" height=\"717\" srcset=\"https:\/\/projetoaiti.medicina.ufmg.br\/wp-content\/uploads\/2020\/04\/Cuidados-\u00e0-Sa\u00fade-Mental-No-Ambiente-Residencial-1-1024x717.png 1024w, https:\/\/projetoaiti.medicina.ufmg.br\/wp-content\/uploads\/2020\/04\/Cuidados-\u00e0-Sa\u00fade-Mental-No-Ambiente-Residencial-1-300x210.png 300w, https:\/\/projetoaiti.medicina.ufmg.br\/wp-content\/uploads\/2020\/04\/Cuidados-\u00e0-Sa\u00fade-Mental-No-Ambiente-Residencial-1-768x538.png 768w, https:\/\/projetoaiti.medicina.ufmg.br\/wp-content\/uploads\/2020\/04\/Cuidados-\u00e0-Sa\u00fade-Mental-No-Ambiente-Residencial-1.png 1132w\" sizes=\"(max-width: 767px) 89vw, (max-width: 1000px) 54vw, (max-width: 1071px) 543px, 580px\" \/><\/figure><\/div>\n\n\n\n<div class=\"wp-block-image\"><figure class=\"aligncenter is-resized\"><img loading=\"lazy\" src=\"https:\/\/projetoaiti.medicina.ufmg.br\/wp-content\/uploads\/2020\/04\/Cuidados-\u00e0-Sa\u00fade-Mental-No-Ambiente-Residencial-2-1024x717.png\" alt=\"\" class=\"wp-image-659\" width=\"1024\" height=\"717\" srcset=\"https:\/\/projetoaiti.medicina.ufmg.br\/wp-content\/uploads\/2020\/04\/Cuidados-\u00e0-Sa\u00fade-Mental-No-Ambiente-Residencial-2-1024x717.png 1024w, https:\/\/projetoaiti.medicina.ufmg.br\/wp-content\/uploads\/2020\/04\/Cuidados-\u00e0-Sa\u00fade-Mental-No-Ambiente-Residencial-2-300x210.png 300w, https:\/\/projetoaiti.medicina.ufmg.br\/wp-content\/uploads\/2020\/04\/Cuidados-\u00e0-Sa\u00fade-Mental-No-Ambiente-Residencial-2-768x538.png 768w, https:\/\/projetoaiti.medicina.ufmg.br\/wp-content\/uploads\/2020\/04\/Cuidados-\u00e0-Sa\u00fade-Mental-No-Ambiente-Residencial-2.png 1132w\" sizes=\"(max-width: 767px) 89vw, (max-width: 1000px) 54vw, (max-width: 1071px) 543px, 580px\" \/><\/figure><\/div>\n\n\n\n<div class=\"wp-block-image\"><figure class=\"aligncenter is-resized\"><img loading=\"lazy\" src=\"https:\/\/projetoaiti.medicina.ufmg.br\/wp-content\/uploads\/2020\/04\/Cuidados-\u00e0-Sa\u00fade-Mental-No-Ambiente-Residencial-3-1024x717.png\" alt=\"\" class=\"wp-image-660\" width=\"1024\" height=\"717\" srcset=\"https:\/\/projetoaiti.medicina.ufmg.br\/wp-content\/uploads\/2020\/04\/Cuidados-\u00e0-Sa\u00fade-Mental-No-Ambiente-Residencial-3-1024x717.png 1024w, https:\/\/projetoaiti.medicina.ufmg.br\/wp-content\/uploads\/2020\/04\/Cuidados-\u00e0-Sa\u00fade-Mental-No-Ambiente-Residencial-3-300x210.png 300w, https:\/\/projetoaiti.medicina.ufmg.br\/wp-content\/uploads\/2020\/04\/Cuidados-\u00e0-Sa\u00fade-Mental-No-Ambiente-Residencial-3-768x538.png 768w, https:\/\/projetoaiti.medicina.ufmg.br\/wp-content\/uploads\/2020\/04\/Cuidados-\u00e0-Sa\u00fade-Mental-No-Ambiente-Residencial-3.png 1132w\" sizes=\"(max-width: 767px) 89vw, (max-width: 1000px) 54vw, (max-width: 1071px) 543px, 580px\" \/><\/figure><\/div>\n\n\n\n<p><strong>Refer\u00eancias Bibliogr\u00e1ficas: <\/strong><\/p>\n\n\n\n<p style=\"font-size:11px\">Organiza\u00e7\u00e3o Mundial da Sa\u00fade, War Trauma Foundation e Vis\u00e3o Global internacional (2015). Primeiros Cuidados Psicol\u00f3gicos: guia para trabalhadores de campo. OMS: Genebra. <br><strong><a href=\"https:\/\/www.paho.org\/bra\/index.php?option=com_content&amp;view=article&amp;id=4847:primeiros-cuidados-psicologicos-um-guia-para-trabalhadores-de-campo&amp;Itemid=839\" target=\"_blank\" rel=\"noreferrer noopener\" aria-label=\" (abre numa nova aba)\">https:\/\/www.paho.org\/bra\/index.php?option=com_content&amp;view=article&amp;id=4847:primeiros-cuidados-psicologicos-um-guia-para-trabalhadores-de-campo&amp;Itemid=839<\/a><\/strong><\/p>\n\n\n\n<p><\/p>\n\n\n\n<p style=\"font-size:11px\">Organiza\u00e7\u00e3o Mundial da Sa\u00fade, Departamento de Comunica\u00e7\u00e3o, 2020, Mental health and psychosocial considerations during the COVID-19 outbreak. <br><strong><a href=\"https:\/\/www.who.int\/publications-detail\/mental-health-and-psychosocial-considerations-during-the-covid-19-outbreak\" target=\"_blank\" rel=\"noreferrer noopener\" aria-label=\" (abre numa nova aba)\">https:\/\/www.who.int\/publications-detail\/mental-health-and-psychosocial-considerations-during-the-covid-19-outbreak<\/a><\/strong><\/p>\n\n\n\n<p style=\"font-size:11px\">Associa\u00e7\u00e3o de Medicina Intensiva Brasileira, 2020, Recomenda\u00e7\u00f5es para o bem-estar emocional da equipe multidisciplinar durante a pandemia pelo Sars-Cov-2: pelo Departamento de Psicologia da AMIB. <br><strong><a href=\"https:\/\/www.amib.org.br\/fileadmin\/user_upload\/amib\/2020\/marco\/18\/corona_psico_amib_15h56_18032020.pdf\" target=\"_blank\" rel=\"noreferrer noopener\" aria-label=\" (abre numa nova aba)\">https:\/\/www.amib.org.br\/fileadmin\/user_upload\/amib\/2020\/marco\/18\/corona_psico_amib_15h56_18032020.pdf<\/a><\/strong><\/p>\n\n\n\n<p style=\"font-size:11px\">Martins, Luiz Antonio. (2012). SA\u00daDE MENTAL DOS PROFISSIONAIS DA SA\u00daDE. <br><strong><a href=\"https:\/\/www.researchgate.net\/publication\/235424717_SAUDE_MENTAL_DOS_PROFISSIONAIS_DA_SAUDE\" target=\"_blank\" rel=\"noreferrer noopener\" aria-label=\" (abre numa nova aba)\">https:\/\/www.researchgate.net\/publication\/235424717_SAUDE_MENTAL_DOS_PROFISSIONAIS_DA_SAUDE<\/a><\/strong><\/p>\n\n\n\n<h2 style=\"text-align:center\">Outros materiais interessantes<\/h2>\n\n\n\n<p><a href=\"https:\/\/saopauloparacriancas.com.br\/museus-virtuais-gratis\/?fbclid=IwAR0fa6h7qfT1eQ5Nuv4wchnCZBsu7Elfqw4cZvvCQvgLv3imPOxc4KsSRv8\">Alternativa de lazer e conhecimento &#8211; Museu Online<\/a><\/p>\n\n\n\n<p style=\"font-size:11px\"> Google Arts &amp; Culture reuniu uma cole\u00e7\u00e3o com 12 museus virtuais que d\u00e1 para conhecer de gra\u00e7a, sem precisar fazer uma viagem de longas horas&nbsp; para poder visitar.&nbsp; <br><strong>Fonte:  <\/strong><em><strong>S\u00e3o Paulo para Crian\u00e7as<\/strong><\/em><strong>, mat\u00e9ria publicada em 16\/03\/20 e atualizado em 22\/03\/20<\/strong><\/p>\n\n\n\n<div class=\"wp-block-file\"><a href=\"https:\/\/projetoaiti.medicina.ufmg.br\/wp-content\/uploads\/2020\/03\/Reduzindo-o-estresse-em-voce\u0302-e-nos-outros-durante-a-pandemia-de-COVID.pdf\">Reduzindo o estresse em voce\u0302 e nos outros durante a pandemia de COVID-19<\/a><\/div>\n\n\n\n<p style=\"font-size:11px\">Texto acerca de maneiras de auxiliar no enfrentamento ao estresse durante os tempos da pandemia de COVID-19.<br><strong>Fonte: Documento traduzido por Dr. Ulysses B. Panisset,  com acesso dia  19\/03\/2020. <\/strong><br><strong>Original:  https:\/\/www.cdc.gov\/coronavirus\/2019-ncov\/prepare\/managing-stress-anxiety.html <\/strong><\/p>\n\n\n\n<div class=\"wp-block-file\"><a href=\"https:\/\/projetoaiti.medicina.ufmg.br\/wp-content\/uploads\/2020\/03\/Sau\u0301de-Mental-Organiza\u00e7\u00e3o-Muncial-da-Sa\u00fade-OMS.pdf\">Sau\u0301de Mental Organiza\u00e7\u00e3o Muncial da Sa\u00fade (OMS)<\/a><\/div>\n\n\n\n<p style=\"font-size:11px\">Documento acerca de h\u00e1bitos para auxiliar no enfrentamento do estresse e ansiedade durante o per\u00edodo da pandemia do COVID-19.<br><strong>Fonte: OMS.  Tradu\u00e7\u00e3o e adapta\u00e7\u00e3o: Luis Fernando Bevilacqua, Terapeuta Ocupacional. <\/strong><\/p>\n","protected":false},"excerpt":{"rendered":"<p>Sa\u00fade Mental em tempos de coronav\u00edrus Pensando na crescente press\u00e3o social e no risco aumentado dos profissionais da sa\u00fade, o grupo da Psicologia, orientado pela Prof\u00aa Tereza Peixoto e pela Prof\u00aa Carolina Marinho, elaborou, nesse primeiro momento, cartilhas de cuidados \u00e0 sa\u00fade mental para profissionais da sa\u00fade. A cartilha visa apresentar informa\u00e7\u00f5es e orienta\u00e7\u00f5es aos &hellip; <\/p>\n<p class=\"link-more\"><a href=\"https:\/\/projetoaiti.medicina.ufmg.br\/index.php\/coronavirus-covid-19\/saude-mental\/\" class=\"more-link\">Continue lendo<span class=\"screen-reader-text\"> &#8220;Sa\u00fade Mental&#8221;<\/span><\/a><\/p>\n","protected":false},"author":2,"featured_media":0,"parent":565,"menu_order":0,"comment_status":"closed","ping_status":"closed","template":"","meta":[],"_links":{"self":[{"href":"https:\/\/projetoaiti.medicina.ufmg.br\/index.php\/wp-json\/wp\/v2\/pages\/572"}],"collection":[{"href":"https:\/\/projetoaiti.medicina.ufmg.br\/index.php\/wp-json\/wp\/v2\/pages"}],"about":[{"href":"https:\/\/projetoaiti.medicina.ufmg.br\/index.php\/wp-json\/wp\/v2\/types\/page"}],"author":[{"embeddable":true,"href":"https:\/\/projetoaiti.medicina.ufmg.br\/index.php\/wp-json\/wp\/v2\/users\/2"}],"replies":[{"embeddable":true,"href":"https:\/\/projetoaiti.medicina.ufmg.br\/index.php\/wp-json\/wp\/v2\/comments?post=572"}],"version-history":[{"count":24,"href":"https:\/\/projetoaiti.medicina.ufmg.br\/index.php\/wp-json\/wp\/v2\/pages\/572\/revisions"}],"predecessor-version":[{"id":683,"href":"https:\/\/projetoaiti.medicina.ufmg.br\/index.php\/wp-json\/wp\/v2\/pages\/572\/revisions\/683"}],"up":[{"embeddable":true,"href":"https:\/\/projetoaiti.medicina.ufmg.br\/index.php\/wp-json\/wp\/v2\/pages\/565"}],"wp:attachment":[{"href":"https:\/\/projetoaiti.medicina.ufmg.br\/index.php\/wp-json\/wp\/v2\/media?parent=572"}],"curies":[{"name":"wp","href":"https:\/\/api.w.org\/{rel}","templated":true}]}}